01000 - 0?
-1000001001101000
In base 13, what is -338 + 4?
-334
In base 3, what is -122 - 10?
-202
In base 16, what is 4d2 - 5?
4cd
In base 3, what is 12 + 10010?
10022
In base 11, what is -5 + 1?
-4
In base 13, what is -5 - -317?
312
In base 3, what is -111221 + 11?
-111210
In base 7, what is 0 - 13500?
-13500
In base 11, what is 7a + -4?
76
In base 7, what is 3 - -23?
26
In base 8, what is -32 + 0?
-32
In base 2, what is -1100000011 + -1000?
-1100001011
In base 11, what is -81 - -28?
-54
In base 13, what is -3b6a + -5?
-3b72
In base 9, what is 0 + -140?
-140
In base 8, what is -20410 - 1?
-20411
In base 4, what is -10 - -100?
30
In base 10, what is -6 + 63?
57
In base 6, what is -31 - 2?
-33
In base 13, what is 8a - -4?
91
In base 7, what is -10112 - 3?
-10115
In base 3, what is 112 + 212021?
212210
In base 5, what is 0 + 131104?
131104
In base 14, what is 4a + 3a?
86
In base 13, what is 355 - 5?
350
In base 5, what is 143 + 2024?
2222
In base 13, what is 360 - 3?
35a
In base 2, what is 1 + -1001000?
-1000111
In base 6, what is 24104 - 1?
24103
In base 14, what is b5 + 4?
b9
In base 5, what is 2142 - 2?
2140
In base 12, what is 6 + -18?
-12
In base 4, what is 11123 + -100?
11023
In base 12, what is -11 - 8?
-19
In base 15, what is 0 - -28?
28
In base 5, what is -1030 + -4?
-1034
In base 14, what is -796 - -1?
-795
In base 6, what is -4 + 52?
44
In base 14, what is 0 - -40?
40
In base 12, what is -2162 + 0?
-2162
In base 3, what is 12 + -1?
11
In base 11, what is 165 - 3?
162
In base 13, what is 2 + -b6?
-b4
In base 6, what is -51 - 22?
-113
In base 3, what is 1 + 1110?
1111
In base 10, what is -46 + -126?
-172
In base 11, what is -26 + 104?
89
In base 15, what is -16c - 5?
-172
In base 12, what is -58 - 263?
-2bb
In base 2, what is -10100110 + -10?
-10101000
In base 6, what is -405 + -3?
-412
In base 14, what is -5 + 153?
14c
In base 15, what is -5 - 591?
-596
In base 16, what is -2 - -a9?
a7
In base 9, what is -44 + -8?
-53
In base 5, what is -2 - 34?
-41
In base 4, what is -1320 - -110?
-1210
In base 11, what is 170 + 19?
189
In base 6, what is -11 + 55?
44
In base 2, what is -1 + -10010111?
-10011000
In base 14, what is -150 - -9?
-145
In base 7, what is -46 + -30?
-106
In base 12, what is 3 - 1211?
-120a
In base 8, what is 14 - 4?
10
In base 14, what is -2 - -1a?
18
In base 8, what is 127 + 16?
145
In base 14, what is 2923 - 0?
2923
In base 16, what is -46 - 4?
-4a
In base 3, what is 120 + 2122?
10012
In base 16, what is 4 + -4a?
-46
In base 9, what is 418 + -3?
415
In base 6, what is 200 + -10?
150
In base 3, what is 121222 + -1100?
120122
In base 11, what is -306 + -1?
-307
In base 6, what is -135 - 2?
-141
In base 3, what is -2221 + -1?
-2222
In base 8, what is 301 + 3?
304
In base 5, what is 3122 - 0?
3122
In base 15, what is 10 + 5c5?
5d5
In base 8, what is -316 - 3?
-321
In base 7, what is -3 + -541?
-544
In base 4, what is -13 + -2230?
-2303
In base 8, what is -262 + -1?
-263
In base 9, what is 3 + -27?
-24
In base 5, what is -1444 + 13?
-1431
In base 15, what is 39 + -4?
35
In base 5, what is 200 + -10?
140
In base 13, what is -22 - 68?
-8a
In base 13, what is -b + 1ba?
1ac
In base 5, what is -1112 - 123?
-1240
In base 7, what is -6044 - -5?
-6036
In base 12, what is 102 + 5?
107
In base 14, what is -236 - -1c?
-218
In base 6, what is -1 - -5523?
5522
In base 13, what is 0 + 8b?
8b
In base 9, what is -33 - -81?
47
In base 2, what is -100100101 + 1?
-100100100
In base 5, what is -131 + 13?
-113
In base 5, what is 10 - 120?
-110
In base 5, what is -1021 + -13?
-1034
In base 15, what is e4 - 5?
de
In base 6, what is 3 - 123?
-120
In base 15, what is 612 - 3?
60e
In base 11, what is 4 + -1917?
-1913
In base 7, what is 3 + -414?
-411
In base 8, what is 6 + 1217?
1225
In base 3, what is -12010222 + 1?
-12010221
In base 14, what is 5 - -342?
347
In base 13, what is 2746 - 5?
2741
In base 5, what is 1022 + -1?
1021
In base 15, what is 4 + b?
10
In base 16, what is 1 - -263?
264
In base 15, what is 56 + 2?
58
In base 7, what is 2136 + 6?
2145
In base 11, what is -29 - -10?
-19
In base 14, what is -1 + 1d3?
1d2
In base 14, what is -1ac8 + -3?
-1acb
In base 3, what is -1201112 + 0?
-1201112
In base 9, what is 346 + -8?
337
In base 7, what is -6 - -3530?
3521
In base 9, what is 0 + -251?
-251
In base 5, what is -31300 + -12?
-31312
In base 3, what is -11 - -20000?
12212
In base 8, what is 5 + 12457?
12464
In base 13, what is -12 + c?
-3
In base 3, what is -102002201 + 10?
-102002121
In base 8, what is 600 - 1?
577
In base 13, what is 5 - a1?
-99
In base 5, what is 111 - 21?
40
In base 2, what is -10100110000 + -1?
-10100110001
In base 3, what is 20 - 11?
2
In base 3, what is 1 + -10011?
-10010
In base 10, what is 3 + -90?
-87
In base 10, what is 2 - -186?
188
In base 9, what is -2 + 1054?
1052
In base 7, what is -136 - 1?
-140
In base 10, what is 0 + -18?
-18
In base 2, what is -11011 + 111?
-10100
In base 5, what is -3430 - -4?
-3421
In base 16, what is -4 + 2?
-2
In base 10, what is -126 + -292?
-418
In base 14, what is 21 + -2?
1d
In base 6, what is -2 - -35?
33
In base 14, what is 7a + -4?
76
In base 5, what is 1222 + -4?
1213
In base 13, what is -1a8 - 8?
-1b3
In base 16, what is -1d1 + -4?
-1d5
In base 8, what is 5 - 50?
-43
In base 12, what is 639b + 3?
63a2
In base 10, what is -6 - 208?
-214
In base 4, what is -233212 + 3?
-233203
In base 11, what is -7 + 74?
68
In base 11, what is 137 - -1?
138
In base 4, what is 203030 + 3?
203033
In base 2, what is 10101010 - 1?
10101001
In base 4, what is 3 + -30?
-21
In base 7, what is 41 - 1?
40
In base 5, what is -1412 + 30?
-1332
In base 12, what is -257 + 0?
-257
In base 5, what is 12240 + -1?
12234
In base 4, what is -10 + -23332?
-30002
In base 12, what is 4 - -43?
47
In base 10, what is 2201 - -3?
2204
In base 12, what is 15 + 105?
11a
In base 3, what is -11222021 + -2?
-11222100
In base 2, what is -10001100 + 101?
-10000111
In base 5, what is 2241 - 1?
2240
In base 5, what is 110214 - -2?
110221
In base 5, what is 4201 - -11?
4212
In base 7, what is 6 + -116?
-110
In base 6, what is 4 + 1521?
1525
In base 16, what is -5 + 51?
4c
In base 9, what is 1 + 44?
45
In base 5, what is 0 - 10024?
-10024
In base 13, what is 9 + 134?
140
In base 10, what is -48 - 86?
-134
In base 13, what is 0 - -99?
99
In base 11, what is 0 - -882?
882
In base 10, what is 12543 - 0?
12543
In base 15, what is -11b - -c?
-10e
In base 9, what is 5704 + -4?
5700
In base 12, what is -9b - 8?
-a7
In base 11, what is -5 - -87?
82
In base 14, what is 87a + -3?
877
In base 4, what is -10 - -232301?
232231
In base 13, what is -13 + -4?
-17
In base 14, what is 13 + b2?
c5
In base 4, what is -10 - -10101?
10031
In base 6, what is -1053 + 15?
-1034
In base 13, what is 1 - -20?
21
In base 5, what is -2031 + -3?
-2034
In base 12, what is 4 - 2054?
-2050
In base 8, what is -2 + 717?
715
In base 6, what is 15440 - 1?
15435
In base 4, what is -213231 + 11?
-213220
In base 10, what is -3 - -76?
73
In base 13, what is -178 + 0?
-178
In base 7, what is 0 - -10465?
10465
In base 10, what is 43 + -11?
32
In base 2, what is -10000011100 - -10101?
-10000000111
In base 3, what is -102 + 200211?
200102
In base 8, what is 174 - 6?
166
In base 13, what is 6a - 1?
69
In base 9, what is 1426 - 2?
1424
In base 12, what is -181 + 5?
-178
In base 5, what is 3 - 12410?
-12402
In base 5, what is -3033 - -10?
-3023
In base 16, what is -3 - 21?
-24
In base 16, what is -42 - -c?
-36
In base 5, what is -3200 - -23?
-3122
In base 6, what is 3 - 155?
-152
In base 15, what is -14 + -117?
-12b
In base 12, what is 23 - -4?
27
In base 15, what is 210 + 0?
210
In base 6, what is 21 + 142?
203
In base 5, what is 10 + -141?
-131
In base 5, what is -13 + -2221?
-2234
In base 16, what is 4 + 227?
22b
In base 4, what is 1011230 - -3?
1011233
In base 10, what is 4 + 12?
16
In base 11, what is -2 - 2273?
-2275
In base 8, what is 2 + 25?
27
In base 15, what is -50a + 1?
-509
In base 5, what is 12102 - 10?
12042
In base 2, what is 11 + -101101010?
-101100111
In base 15, what is b - -31?
3c
In base 5, what is 122143 - -10?
122203
In base 9, what is 336 + -56?
270
In base 16, what is -26 - 9?
-2f
In base 12, what is 3 - -16?
19
In base 5, what is -10 + 141?
131
In b